hat are the prime factors of 239253?
3, 7, 11393
List the prime factors of 3856397.
47, 82051
List the prime factors of 229526.
2, 11, 10433
List the prime factors of 795253.
795253
List the prime factors of 1287513.
3, 29, 4933
List the prime factors of 39493.
73, 541
List the prime factors of 1633754.
2, 113, 7229
What are the prime factors of 1611502?
2, 199, 4049
What are the prime factors of 1230343?
1230343
List the prime factors of 187889.
13, 97, 149
List the prime factors of 3911243.
7, 349, 1601
What are the prime factors of 1276688?
2, 7, 11399
List the prime factors of 541522.
2, 270761
List the prime factors of 1437341.
1437341
What are the prime factors of 151065?
3, 5, 373
What are the prime factors of 18069112?
2, 2258639
What are the prime factors of 11562763?
557, 20759
List the prime factors of 346657.
346657
List the prime factors of 2643783.
3, 251, 3511
List the prime factors of 314517.
3, 7, 17, 881
List the prime factors of 891337.
83, 10739
What are the prime factors of 76473?
3, 29, 293
List the prime factors of 103550.
2, 5, 19, 109
List the prime factors of 845136.
2, 3, 5869
What are the prime factors of 1346340?
2, 3, 5, 19, 1181
What are the prime factors of 46323?
3, 5147
What are the prime factors of 39530646?
2, 3, 193, 3793
What are the prime factors of 336920?
2, 5, 8423
What are the prime factors of 337950?
2, 3, 5, 751
List the prime factors of 608629.
7, 12421
List the prime factors of 1381701.
3, 31, 83, 179
What are the prime factors of 13587370?
2, 5, 29, 46853
What are the prime factors of 4739186?
2, 2369593
What are the prime factors of 281034?
2, 3, 13, 1201
What are the prime factors of 20214478?
2, 1291, 7829
What are the prime factors of 829625?
5, 6637
What are the prime factors of 20001055?
5, 71, 103, 547
What are the prime factors of 9391703?
9391703
What are the prime factors of 1487916?
2, 3, 23, 599
What are the prime factors of 64869?
3, 7, 3089
What are the prime factors of 17351044?
2, 233, 18617
List the prime factors of 432392.
2, 54049
What are the prime factors of 450157?
101, 4457
What are the prime factors of 489133?
489133
What are the prime factors of 3616518?
2, 3, 602753
What are the prime factors of 16880?
2, 5, 211
What are the prime factors of 462048?
2, 3, 4813
List the prime factors of 122918.
2, 41, 1499
What are the prime factors of 239308?
2, 29, 2063
List the prime factors of 170730.
2, 3, 5, 7, 271
List the prime factors of 10039256.
2, 1254907
List the prime factors of 102196.
2, 29, 881
List the prime factors of 168934.
2, 84467
What are the prime factors of 826421?
17, 173, 281
What are the prime factors of 1957393?
937, 2089
List the prime factors of 215518.
2, 197, 547
List the prime factors of 140454.
2, 3, 17
List the prime factors of 968760.
2, 3, 5, 13, 23
What are the prime factors of 2321083?
347, 6689
List the prime factors of 330490.
2, 5, 33049
List the prime factors of 26874981.
3, 7, 149, 409
What are the prime factors of 1257420?
2, 3, 5, 19, 1103
List the prime factors of 317573.
227, 1399
List the prime factors of 795439.
877, 907
List the prime factors of 7186929.
3, 2395643
What are the prime factors of 94767?
3, 31, 1019
What are the prime factors of 1357465?
5, 83, 3271
What are the prime factors of 1835264?
2, 67, 107
List the prime factors of 12879819.
3, 409, 3499
What are the prime factors of 180308?
2, 45077
List the prime factors of 47883.
3, 11, 1451
What are the prime factors of 344984?
2, 29, 1487
What are the prime factors of 812824?
2, 101603
What are the prime factors of 43135?
5, 8627
List the prime factors of 493358.
2, 37, 59, 113
What are the prime factors of 3503625?
3, 5, 9343
List the prime factors of 10172542.
2, 5086271
What are the prime factors of 396417?
3, 7, 43, 439
List the prime factors of 1948219.
7, 13, 79, 271
List the prime factors of 167126.
2, 83563
What are the prime factors of 5275716?
2, 3, 41, 10723
What are the prime factors of 919414?
2, 47, 9781
What are the prime factors of 1289595?
3, 5, 149, 577
List the prime factors of 392160.
2, 3, 5, 19, 43
What are the prime factors of 1028893?
1028893
List the prime factors of 510611.
510611
What are the prime factors of 112614?
2, 3, 137
List the prime factors of 304505.
5, 60901
List the prime factors of 529943.
23, 23041
List the prime factors of 422795.
5, 84559
List the prime factors of 11938970.
2, 5, 839, 1423
List the prime factors of 4099058.
2, 47, 43607
List the prime factors of 11395917.
3, 13, 32467
What are the prime factors of 20302115?
5, 4060423
List the prime factors of 45134.
2, 22567
List the prime factors of 7776327.
3, 13, 17, 37, 317
What are the prime factors of 67028?
2, 13, 1289
List the prime factors of 3443646.
2, 3, 573941
List the prime factors of 629952.
2, 3, 17, 193
List the prime factors of 232239.
3, 7, 11059
List the prime factors of 748049.
19, 39371
List the prime factors of 383900.
2, 5, 11, 349
List the prime factors of 10263568.
2, 7, 91639
List the prime factors of 97708.
2, 13, 1879
What are the prime factors of 432134?
2, 433, 499
List the prime factors of 20184055.
5, 37, 109103
List the prime factors of 1017172.
2, 13, 31, 631
What are the prime factors of 76034?
2, 7, 5431
What are the prime factors of 7991427?
3, 61, 43669
List the prime factors of 1438370.
2, 5, 17, 8461
List the prime factors of 117834.
2, 3, 41, 479
What are the prime factors of 3260611?
31, 107, 983
What are the prime factors of 233368?
2, 31, 941
What are the prime factors of 1273769?
7, 181967
What are the prime factors of 4693025?
5, 187721
What are the prime factors of 1560743?
1560743
What are the prime factors of 1871992?
2, 211, 1109
What are the prime factors of 3143790?
2, 3, 5, 13, 2687
What are the prime factors of 1520948?
2, 11, 13, 2659
What are the prime factors of 206485?
5, 61, 677
What are the prime factors of 5262368?
2, 164449
What are the prime factors of 42095502?
2, 3, 17, 137567
List the prime factors of 56531.
56531
What are the prime factors of 623747?
17, 36691
What are the prime factors of 241220?
2, 5, 7, 1723
List the prime factors of 79589.
79589
List the prime factors of 559615.
5, 7, 59, 271
What are the prime factors of 1606154?
2, 11, 6637
List the prime factors of 992953.
13, 17, 4493
List the prime factors of 51196.
2, 12799
What are the prime factors of 287581?
7, 5869
List the prime factors of 1955022.
2, 3, 163, 1999
List the prime factors of 247753.
11, 101, 223
What are the prime factors of 23813861?
263, 90547
List the prime factors of 1778264.
2, 199, 1117
List the prime factors of 20633604.
2, 3, 1129, 1523
What are the prime factors of 3732598?
2, 1061, 1759
List the prime factors of 2035932.
2, 3, 169661
What are the prime factors of 1183559?
13, 181, 503
What are the prime factors of 1402949?
83, 16903
What are the prime factors of 65837?
65837
What are the prime factors of 19789965?
3, 5, 13, 33829
List the prime factors of 177565.
5, 17, 2089
List the prime factors of 903749.
7, 11, 97
What are the prime factors of 17862497?
821, 21757
What are the prime factors of 6007342?
2, 11, 273061
List the prime factors of 267906.
2, 3, 44651
What are the prime factors of 937701?
3, 43, 2423
List the prime factors of 54018.
2, 3, 3001
List the prime factors of 6694250.
2, 5, 26777
What are the prime factors of 522597?
3, 17, 10247
List the prime factors of 1673185.
5, 334637
List the prime factors of 2231934.
2, 3, 397, 937
List the prime factors of 3641463.
3, 7, 19267
List the prime factors of 159171.
3, 17, 3121
List the prime factors of 4876997.
67, 83, 877
What are the prime factors of 454271?
19, 23909
What are the prime factors of 800961?
3, 7, 43, 887
List the prime factors of 631071.
3, 7, 53
List the prime factors of 4788775.
5, 191551
List the prime factors of 43883497.
7, 89, 70439
List the prime factors of 931096.
2, 116387
What are the prime factors of 436157?
436157
What are the prime factors of 450483?
3, 11, 17, 73
What are the prime factors of 14891159?
41, 363199
What are the prime factors of 3616737?
3, 1093, 1103
List the prime factors of 512096.
2, 13, 1231
What are the prime factors of 12275617?
83, 131, 1129
What are the prime factors of 8124064?
2, 13, 59, 331
List the prime